(-81 + 33 - (2 + 1)) + 26
-25
Evaluate -4 + (-4 - ((-10 - -16) + (9 - 14))) - -2.
-7
What is the value of (7 - (3 + 8)) + 68 + 25 - -13?
102
Calculate -3 - (4 + (-5 - -7 - (-12 - -12)) + 44).
-53
What is the value of (415 - 430) + (36 - 3)?
18
What is the value of -9 + 28 + -9 + 13 + (1 - 14)?
10
What is 126 - 3 - (-3842 + 3837)?
128
What is -252 + 236 - (2 + 27 + 0)?
-45
What is the value of 8 + -61 + -7 + 17?
-43
What is the value of -1 - ((75 - 75) + 16 + 1 + -107)?
89
Calculate -56 + (17 - (30 + -10)) + (3 - 1).
-57
Evaluate -12 + (19 - (-122 + 136)).
-7
Evaluate (-1475 - -1450) + -4 + (-4 - -35).
2
Calculate -101 - (305 + -267 - (19 - -1)).
-119
Evaluate 0 + -8 + 9 + 45 + -33 + -39.
-26
Evaluate 0 - 67 - (81 - (-258 + 376)).
-30
What is the value of (8 - 1) + (26 - 32) + 9 + -62 - -10?
-42
Calculate 79 + 3 + -2 - (-32463 + 32456).
87
Calculate (6 - -1) + 6 - ((64 - -15) + 45).
-111
Evaluate -25 - (-74 - 37) - 57.
29
What is the value of (-6 - 3) + 56 + -3 + (-7 - 0)?
37
What is 10 - 10 - (170 - 158)?
-12
What is the value of -17 - ((2 - 17) + (39 - 27) - -12)?
-26
Calculate 0 + 1 + -2 + (13 - 12) - (1 + -11).
10
What is the value of -9 - -57 - 42 - (0 - (0 - -40))?
46
What is the value of (1 - 2) + -5 - (-31 + (0 - -28))?
-3
What is (-104 - -71) + 98 + -3?
62
Calculate -17 + 55 + -84 - -12 - 2.
-36
Evaluate (6 - 15) + 20 + 2 - -12.
25
Calculate (-51 - -2) + -8 + (259 - 254).
-52
What is the value of 53 + -45 + (-17 - -35 - (0 - -1))?
25
Calculate 2 + -2 - 7 - (16 + -19 + 52 + -19).
-37
Evaluate 40 - -84 - 113 - (20 - 0).
-9
What is (-38 - -43) + -10 + 15 - ((0 - -1) + 79)?
-70
What is the value of (0 - (2 + 7) - (24 + -2 + -30)) + -7?
-8
What is the value of 0 + -92 + -1 - (-136 + 103 - -16)?
-76
What is -17 - -9 - -20 - (52 + (6 + -11 - -11))?
-46
Evaluate (-1 + 5 + -10 - (4 + -21 + 9)) + -1.
1
Evaluate 20 + -4 + 5 - (-860 - -867).
14
-143 + 147 + (-3 + 5 + -1 + -7 - -49)
47
Evaluate 6 + (-3 + 4 + -14 - (-52 + 71)).
-26
Calculate (-1 - 3 - 2 - (-71 + 71) - -5) + -32.
-33
What is the value of -98 + 49 - -69 - (-31 - (4 - 7))?
48
What is -2 - ((3 - 2 - 8) + 19 - (0 + -78))?
-92
Calculate 28 - 19 - (-457 + 392).
74
(358 - 364) + (4 - -82 - -2)
82
What is 19 + -41 - (-39 + -12)?
29
Calculate -92 + 73 - (-8 + 29).
-40
Evaluate 12 + (-13 - -5 - (-23 - -6 - -10)) - -3.
14
Evaluate (4 + -3 - 10 - 2) + -1510 + 1515.
-6
21 - (-9 - (14 + 0 - 45))
-1
Evaluate 307 - 301 - (2 + -6 + -13).
23
Evaluate 31 + -45 + 29 - -2 - (-1 + 3).
15
-3 + 1 + -3 + (-30 - -29 - 40)
-46
-19 - 3 - -4 - (282 - 163 - 232)
95
Calculate (-25 + -37 - -23) + (-13 - (0 + -5)) + 1.
-46
Calculate -49 - (11 + -37 + 9).
-32
Evaluate -12 + 17 - 60 - (15 + -5 + -27).
-38
230 + -228 - 8 - (4 + 1)
-11
What is 65 + 11 + -79 + (-2 - (-33 + 1))?
27
Evaluate -2 + 83 + -7 + -51.
23
Evaluate (10 - (-39 - -16) - -92) + (-13 - -1) + 14.
127
Calculate 0 + (34 - 69) + 95.
60
Calculate (5 - 166) + 311 + -243.
-93
What is the value of -582 + 559 - (-4 + -45)?
26
What is (13 - 0) + 100 - (40 - 2)?
75
Evaluate -25 + -14 - (2 + 5 + 4 - 6).
-44
Evaluate 21 - (6 - -9 - 6) - (-1 - -46).
-33
What is -83 + -42 + (22 - -25)?
-78
Evaluate 55 - (-40 + -12 - -49).
58
(34 + (-7 - -9) - -7) + -5
38
What is the value of 2 + 2 + (-14 - -5) + -45 + 87?
37
What is the value of 11 + -3 - (-3 + 1 + (5 - 15))?
20
Calculate -397 + 403 + (1 - -18) + -19.
6
(211 + -225 - (-6 - 0)) + 7 + (2 - -83)
84
Evaluate 22 + (-19 - 11) + 0 + (21 - -2 - 1).
14
What is the value of (1 - 44) + (44 + 9 - 65)?
-55
What is the value of (-9 - -11) + (17 - 3) - (45 + -32)?
3
What is the value of -6 + -12 + 10 + 15 + -12 - -55?
50
What is -114 - (-92 + 8) - (2 + -27)?
-5
What is the value of 1 - 0 - ((13 - 1) + (924 - 919))?
-16
-7 + (-3 + (21 - (20 + -2)) - 2)
-9
Calculate (-463 - -432) + 1 + -53 + 20.
-63
Evaluate (34 - 0) + -5607 + 5704.
131
What is 0 + (-44 - 1) + (-348 + 526 - 189)?
-56
What is the value of (-88 - (-225 + 77)) + -108?
-48
Evaluate (48 - 50) + 27 + -18.
7
Evaluate (-83 - (43 + -65)) + 39.
-22
What is the value of -1 + 19 + (20 - 25) - (2 + -7 + -5)?
23
What is the value of -22 + 11 + 10 + (-14 - -8) + 122 + -5?
110
(-21 + 38 + 19 - 9) + (-8 + 10 - -8)
37
What is the value of 51 + 10 - (-6 + 51)?
16
What is the value of -59 + -30 + 1 + 9?
-79
Evaluate -89 + 137 - 127 - -21.
-58
What is -3 - 5 - (125 + -102 + (2 - -52))?
-85
21 - ((360 - 124) + -117)
-98
-2 + 54 + (-2988 - -2958)
22
What is -118 + -39 + 1 + -975 + 1018?
-113
What is (-75 - (-11 + 2 + (61 - 24) + -33)) + -4?
-74
0 + 219 - (-3650 - -3742)
127
What is -12 + (-16 - (-15 - -19)) - (4 - 3)?
-33
What is the value of (87 - 36 - 88) + 78?
41
Calculate (-5 - (5 + -16 + 8)) + 55 + (13 - 20).
46
11 + (-4 - 9) + (-36 - 30)
-68
What is 838 + -739 + 4 + -56 - ((-2 - -1) + 13)?
35
Calculate (59 - 114) + (-6 - -22).
-39
What is the value of -233 + 196 + (-9 - -12)?
-34
Calculate 0 - 1 - (28 - 1 - (-25 + (-3 - -33))).
-23
What is the value of (-64 + 50 - (2 + 1)) + 6 - 5?
-16
What is -34 + -3 - (140 + -88) - (0 - 6)?
-83
Calculate (30 + -61 - -37) + 26 + -82.
-50
Evaluate -89 - -56 - (2 + 11).
-46
What is (-51 - (158 - 103)) + 14?
-92
Calculate -18 - (97 + -151) - 96.
-60
Calculate 91 - 83 - (2 - 6 - -42).
-30
Calculate 2 - 13 - (159 - 219) - (3 + (-14 - -1)).
59
What is the value of (0 + 7 - (10 + -32 + -3)) + 163 + -167?
28
Evaluate -38 - (-15 - (18 + 1 + -9) - -12).
-25
11 + (-26 - (2 - (27 - 14)))
-4
What is the value of -27 - 14 - ((6 - (10 - 14)) + -8)?
-43
-15 + -14 + (9 - (22 - 26)) + (0 - 0)
-16
What is the value of 825 - 814 - ((3 - (-2 + 3)) + 24)?
-15
What is 12 + (-1 + -24 - 2) + (19 - 18)?
-14
What is the value of -7 - 0 - (-6 - (-50 - (-24 - (31 - 68))))?
-64
Evaluate (-76 - (-5 + 6 - 0)) + (156 - 161).
-82
Calculate -26 + (28 - 48) - (-21 - 0).
-25
Calculate -4 + (-3 - -7) + 10 + -6 + 10.
14
Evaluate 45 + -93 + 71 - 16.
7
Evaluate 40 + 18 + -66 + -61 + (1 - 0) + 10.
-58
What is 22 + (-1 - (-7 - (-13 + 14) - -22))?
7
8 + (-1 - (8 - (-27 + 18)))
-10
What is the value of (-2 - (8 + (-14 - 2))) + (22 - 12)?
16
-93 - 20 - -220 - 123
-16
Calculate 43 + -39 + 3 - (43 - 13).
-23
What is the value of 32 - (48 + -40 + (-68 - -5))?
87
What is -13 - (9 - (-8 + 90) - 1) - 11?
50
What is the value of -140 - -113 - ((8 - -1) + -9 + -1 + 1)?
-27
What is -51 - -21 - (-90 - -82)?
-22
-39 + -10 + 13 - (-11 + -18 + 9 + 21)
-37
What is (-12 - (-19 + (-2 - -19))) + (70 - 0)?
60
What is the value of (-7 - -3) + -66 + 73 + 43 + 0?
46
0 + (-2 - 35) - (-29 + (-28 - -64))
-44
What is -78 - -2 - (-20 + (15 - 45 - -37))?
-63
What is the value of -6 - -1 - -6 - 2 - 7 - (365 + -358)?
-15
What is the value of (-11 - 6 - -44 - 5) + 59?
81
What is 109 + ((11 - (14 + -4) - 10) + 2 - -15)?
117
What is (0 - 29) + -38 + (69 - -3)?
5
What is the value of -1 - -5 - (-14 - (16 - (17 - 2)))?
19
Evaluate -85 - -102 - (-28 + 61).
-16
Evaluate 60691 - 60684 - (-2 + (-1 - -2) - 97).
105
What is the value of (-9 - -9) + (-3 - -14 - 22 - -104) - -5?
98
Evaluate (-67 - (-6 + -4)) + 17 + 1.
-39
Evaluate (-11 - 38) + 38 - (39 + 1).
-51
What is (0 + -2 - 26) + 1 + -2171 + 2160?
-38
-40 - (0 - 32) - -12
4
What is the value of (96 - 113) + -15 + 40?
8
What is -49 + (-6 - (-129 - -26))?
48
Calculate 12 - (7 + -8 + 16 + -3) - 61 - 8.
-69
(473 - 376) + (1 + -1 - 9) + 14
102
Evaluate 19 - (-17 + 10 + (-7 - -8 - (-2 - 2))).
21
What is (-2 - -27) + -135 + 69 + 22?
-19
(-48 + 55 - 53) + (-27 - 1)
-74
Evaluate 1 + -2 + 0 + -1 + -7 + (158 - 176).
-27
16 - (-58 + 15 + (2 - -4))
53
Evaluate -144 + (-2 - (-3 - 0)) + (-189 - -282) + -97.
-147
What is 144 + -123 + -63 - (0 + (-1 - -14))?
-55
What is -15 + (45 - 13) + -22 + 13?
8
What is the value of -4 + (-10 - ((3 - -6) + 20))?
-43
-8 + (1 - 47 - 0) + 5 + (30 - 25)
-44
What is 21 + 103 + -3 + -57?
64
Calculate 2 + (62 - 61 - (12 - 0)) + -23.
-32
What is (-10 - -1 - (119 - 157)) + -117?
-88
Evaluate -751 - -718 - (-32 - 0) - (-2 - (3 + 25)).
29
Evaluate 811 + -966 + (58 - 5).
-102
What is the value of -13 + 9 + -33 + (14 - (6 - -22))?
-51
What is (-7 - 4) + -2 + 3 + 31 + (17 - 18)?
20
81 - (56 - -13 - -73)
-61
(-107 - (56 - 45)) + -2 + 6
-114
What is the value of (-88 - (2 + 5)) + (-34 - (36 - 88))?
-77
Evaluate (2 - 77) + (-278 - -317).
-36
Evaluate 28 + 0 - (-6 + 6) -